{"id":620,"date":"2021-04-15T10:20:24","date_gmt":"2021-04-15T08:20:24","guid":{"rendered":"https:\/\/jlkape.com\/?page_id=620"},"modified":"2024-05-05T19:54:32","modified_gmt":"2024-05-05T17:54:32","slug":"home","status":"publish","type":"page","link":"https:\/\/instantsordinaires.com\/?page_id=620","title":{"rendered":"Pourquoi"},"content":{"rendered":"\n<p class=\"has-white-color has-text-color has-link-color wp-elements-f46b25e4f1fed9723ac4b8e8ea9fdfb9\">Pour l&#8217;amusement et pour garder encore un peu ces moments de plaisir \u00e0 regarder le monde. Des photos prises au cours de la derni\u00e8re d\u00e9cennie dans ma r\u00e9gion ou lors de voyage avec Elisabeth qui partage ma passion pour la nature et la vie sauvage. Toujours \u00e0 la recherche de ces instants ordinaires et pr\u00e9cieux qui nous connectent \u00e0 la beaut\u00e9 du monde.  Toutes les photos et vid\u00e9os sont les miennes.  <\/p>\n\n\n\n<p style=\"font-size:15px\"><em>Jean-Luc Kapetanovic &#8211; Avril 2021.<\/em><\/p>\n\n\n\n<h2 class=\"wp-block-heading\">La Po\u00e9sie<\/h2>\n\n\n<div id=\"q1069\" class=\"quotes-llama-widget-random widget-text wp_widget_plugin_box\"><span class=\"quotes-llama-widget-more\">Il faudra des milliers d'ann\u00e9es avant qu'un po\u00e8me cesse d'irradier par son silence un lecteur de hasard.<\/span><span class=\"quotes-llama-widget-author\"><span class=\"dashicons dashicons-edit\"><\/span>Christian Bobin<br><span class=\"dashicons dashicons-migrate\"><\/span><span class=\"quotes-llama-widget-source\">le muguet rouge<\/span><\/span><\/div>\n","protected":false},"excerpt":{"rendered":"<p>Pour l&#8217;amusement et pour garder encore un peu ces moments de plaisir \u00e0 regarder le monde. Des photos prises au cours de la derni\u00e8re d\u00e9cennie<\/p>\n<p><a href=\"https:\/\/instantsordinaires.com\/?page_id=620\" class=\"more-link\">Continue reading<span class=\"screen-reader-text\">Pourquoi<\/span><\/a><\/p>\n","protected":false},"author":1,"featured_media":0,"parent":0,"menu_order":0,"comment_status":"closed","ping_status":"closed","template":"","meta":{"footnotes":""},"class_list":["post-620","page","type-page","status-publish","hentry"],"_links":{"self":[{"href":"https:\/\/instantsordinaires.com\/index.php?rest_route=\/wp\/v2\/pages\/620","targetHints":{"allow":["GET"]}}],"collection":[{"href":"https:\/\/instantsordinaires.com\/index.php?rest_route=\/wp\/v2\/pages"}],"about":[{"href":"https:\/\/instantsordinaires.com\/index.php?rest_route=\/wp\/v2\/types\/page"}],"author":[{"embeddable":true,"href":"https:\/\/instantsordinaires.com\/index.php?rest_route=\/wp\/v2\/users\/1"}],"replies":[{"embeddable":true,"href":"https:\/\/instantsordinaires.com\/index.php?rest_route=%2Fwp%2Fv2%2Fcomments&post=620"}],"version-history":[{"count":25,"href":"https:\/\/instantsordinaires.com\/index.php?rest_route=\/wp\/v2\/pages\/620\/revisions"}],"predecessor-version":[{"id":7546,"href":"https:\/\/instantsordinaires.com\/index.php?rest_route=\/wp\/v2\/pages\/620\/revisions\/7546"}],"wp:attachment":[{"href":"https:\/\/instantsordinaires.com\/index.php?rest_route=%2Fwp%2Fv2%2Fmedia&parent=620"}],"curies":[{"name":"wp","href":"https:\/\/api.w.org\/{rel}","templated":true}]}}